
7c430
In base 16, what is -13ae + 163d?
28f
In base 13, what is -1 - -160c36c?
160c36b
In base 6, what is -345 + -120310?
-121055
In base 9, what is 47602715 + 8?
47602724
In base 6, what is -1130150 + -3550?
-1134140
In base 10, what is -365 - -3091484?
3091119
In base 16, what is 239b2 + -56?
2395c
In base 11, what is -19a18a + -3a?
-19a219
In base 13, what is 4419c0 + -1a?
4419a3
In base 10, what is -3 + 10735876?
10735873
In base 9, what is -104 + 1102381?
1102276
In base 2, what is -11001100 - 1010110111101110001?
-1010111000000111101
In base 15, what is 1beadc - -d?
1beaea
In base 6, what is -1125353 - -3?
-1125350
In base 4, what is 201210 - -122203?
330013
In base 12, what is -1331 + 86?
-1267
In base 9, what is -5276508 + 6?
-5276502
In base 16, what is 160b8 - -29d?
16355
In base 15, what is -38aa2 - -1?
-38aa1
In base 11, what is -56785 + 4a4?
-56291
In base 15, what is -8b4641 + -1?
-8b4642
In base 16, what is 1e + -2669a2?
-266984
In base 3, what is -1120 + -110100002212?
-110100011102
In base 3, what is 10212011210 + 101?
10212012011
In base 8, what is 16 + -53411416?
-53411400
In base 11, what is -39458 + -14?
-39471
In base 10, what is 5 - 8635488?
-8635483
In base 7, what is 2 + -104305654?
-104305652
In base 10, what is 113854952 + -6?
113854946
In base 12, what is 5 + 16b1970?
16b1975
In base 9, what is 86 - 671471?
-671374
In base 14, what is -ac661 - -aa?
-ac595
In base 15, what is -110 + 3c358?
3c248
In base 16, what is 33 + 22d7?
230a
In base 5, what is -10 + 13120102342?
13120102332
In base 13, what is 15 - -7052cc?
705314
In base 15, what is -b4 - -106d7?
10623
In base 14, what is -db650 - 2?
-db652
In base 15, what is -5 - -21c9396?
21c9391
In base 2, what is 10110001111000 - 110001000?
10101011110000
In base 10, what is 0 - -8562512?
8562512
In base 13, what is -38ca8b7 + -5?
-38ca8bc
In base 12, what is -114429 - -5a7?
-113a42
In base 2, what is -1000111111 + -11000000100011010?
-11000001101011001
In base 15, what is -4 + 62ad6?
62ad2
In base 5, what is 1 + -24421420240?
-24421420234
In base 14, what is 842 - 28d4d?
-2850b
In base 12, what is -73 + -200ab?
-20162
In base 2, what is 0 + 111101010001101011010?
111101010001101011010
In base 13, what is 3689ac - -19c?
368b7b
In base 9, what is -1424555 - 2?
-1424557
In base 7, what is -145123036 + 11?
-145123025
In base 3, what is 202100000 + -1221001?
200101222
In base 8, what is 61263447 + 10?
61263457
In base 10, what is -46 + 207538?
207492
In base 4, what is -2123 + 332331212?
332323023
In base 6, what is -1435341043 + 12?
-1435341031
In base 6, what is -152331 + 401203?
204432
In base 4, what is -11120 + 133210111?
133132331
In base 3, what is 120012020200201112 - 1?
120012020200201111
In base 10, what is -28 - -4329163?
4329135
In base 15, what is -2dc8c9 + -92?
-2dc96b
In base 11, what is 22167 - -76?
22232
In base 5, what is 1324211204 - -402?
1324212111
In base 3, what is -211 - 20121221101?
-20121222012
In base 3, what is -2011112210 - 1222121?
-2020112101
In base 13, what is -2 - b1b57b0?
-b1b57b2
In base 7, what is 4452625 + -3130?
4446465
In base 15, what is -3 + a714ec7?
a714ec4
In base 15, what is -6b - -622e27?
622dab
In base 7, what is -1231304 + -302?
-1231606
In base 5, what is -123041200334 + -1?
-123041200340
In base 16, what is a7d02 + 0?
a7d02
In base 6, what is 11 + 1050451500?
1050451511
In base 10, what is -4378147 - -5?
-4378142
In base 10, what is 3946681 + 30?
3946711
In base 14, what is -9bd89 + 94?
-9bcd5
In base 2, what is -100001101010111001001011110 + -10?
-100001101010111001001100000
In base 10, what is 9783 + -45?
9738
In base 14, what is 0 + 8ca7c8?
8ca7c8
In base 8, what is -313303407 + 4?
-313303403
In base 3, what is -11001021001110 - 0?
-11001021001110
In base 5, what is 11302324442 - -23?
11302330020
In base 6, what is -1345 - -53534?
52145
In base 14, what is -1a + -65b14?
-65b30
In base 4, what is -13313330231 + -13?
-13313330310
In base 5, what is -2003242320 + -3?
-2003242323
In base 10, what is -11929 - 3?
-11932
In base 14, what is 8 + c51b?
c525
In base 6, what is -2520 - 140134?
-143054
In base 13, what is -24 - 10a590?
-10a5b4
In base 11, what is -8461229 - -a?
-846121a
In base 13, what is -41059 - -1b5?
-40b74
In base 7, what is 26623 - -2451?
32404
In base 10, what is -40858113 - -2?
-40858111
In base 8, what is -2 - 73457140?
-73457142
In base 16, what is 3 + -135bd78?
-135bd75
In base 9, what is -1 + 45256338?
45256337
In base 12, what is -52 + 294357?
294305
In base 4, what is 0 - 10212213030303?
-10212213030303
In base 15, what is 9d + -814ec?
-8144e
In base 4, what is 20212100313 - 13?
20212100300
In base 5, what is -2300123123 - 2?
-2300123130
In base 16, what is -375f - -10d5?
-268a
In base 6, what is 20000 + -112243?
-52243
In base 4, what is 1 - 12332331011111?
-12332331011110
In base 10, what is 48583 + -418?
48165
In base 16, what is -2957 - -ea3?
-1ab4
In base 2, what is 110100001 - -111000111000111?
111001101101000
In base 11, what is -3 + 1813556?
1813553
In base 7, what is -30635 + -20516?
-51454
In base 11, what is 3418 - 3256?
172
In base 14, what is 230 - -4638?
4868
In base 14, what is 14 + 62751?
62765
In base 3, what is 220 - 1020202101221?
-1020202101001
In base 13, what is 6296b703 - 5?
6296b6cb
In base 8, what is -13330 + 13715?
365
In base 6, what is -10 - -12350034300?
12350034250
In base 12, what is -a356ab22 - -5?
-a356ab19
In base 2, what is 10011100101000011111 + 100001?
10011100101001000000
In base 14, what is -1621405 - -20?
-16213c5
In base 12, what is -3b965 + -361?
-40106
In base 12, what is -263 + -478aa8?
-47914b
In base 14, what is 0 + -110795c5?
-110795c5
In base 10, what is -4 - -3933392?
3933388
In base 2, what is -10011101101001011000 + -10000110?
-10011101101011011110
In base 6, what is 4 + 1422425321?
1422425325
In base 6, what is -10545044202 - 3?
-10545044205
In base 3, what is -22 - -120200200201200?
120200200201101
In base 11, what is 0 - 23915?
-23915
In base 9, what is 874487312 + 3?
874487315
In base 11, what is 53033 + 3?
53036
In base 8, what is -3 + -165120421?
-165120424
In base 7, what is 1 - 355200523?
-355200522
In base 15, what is -26 - -23bb6e?
23bb48
In base 10, what is -117011037 + 2?
-117011035
In base 7, what is 524052 - -3412?
530464
In base 11, what is 1a864a3 - 4?
1a8649a
In base 12, what is -3 + 767227?
767224
In base 3, what is -22020210002210 - 10?
-22020210002220
In base 8, what is -1726271 + -14?
-1726305
In base 9, what is 16511528 + 2?
16511531
In base 12, what is 416 + -79a4?
-758a
In base 13, what is 2 - -39b4aa42?
39b4aa44
In base 13, what is -4c64a5 - 52?
-4c6527
In base 3, what is 11001 + 1222102200111?
1222102211112
In base 13, what is c19c21c + -4?
c19c218
In base 14, what is 34c1471 + 4?
34c1475
In base 11, what is 139314 + 12?
139326
In base 10, what is -3 + 1422234?
1422231
In base 7, what is -225 - -16125?
15600
In base 15, what is -5c4 - -51c6?
4b02
In base 12, what is 262918 + 9?
262925
In base 12, what is 4548b131 + -5?
4548b128
In base 8, what is -353 - 140770?
-141343
In base 16, what is -53f6c1 - -19?
-53f6a8
In base 11, what is 4 - -79a8a66?
79a8a6a
In base 2, what is -101 + -1001111001111001011?
-1001111001111010000
In base 16, what is 5c2d8a + 6?
5c2d90
In base 13, what is -28ac + -1373?
-3c52
In base 15, what is 6 + -1c87065?
-1c8705e
In base 11, what is 101102aa - -3?
10110302
In base 6, what is 32154445253 - -1?
32154445254
In base 5, what is 110101 + 11131014?
11241120
In base 5, what is 414 - -1201300?
1202214
In base 15, what is -176 + -51d05?
-51e7b
In base 13, what is 259c3 - -36?
25a29
In base 13, what is -9b60 + 32c0?
-6870
In base 8, what is 5 + 144307?
144314
In base 7, what is 5 - 146002234?
-146002226
In base 10, what is 9 - 33686144?
-33686135
In base 7, what is 0 - -14153466?
14153466
In base 7, what is 10610 - 4431?
3146
In base 7, what is -20 + 462640415?
462640365
In base 3, what is -21 - 110210211211210?
-110210211212001
In base 15, what is -3817 - -319?
-34ed
In base 7, what is -5 + 114453206?
114453201
In base 16, what is 74 + 78d7c?
78df0
In base 13, what is -44734 + 115?
-4461c
In base 9, what is -11 - -35241845?
35241834
In base 6, what is -410521 + -3043?
-414004
In base 3, what is -1120100101